e greatest common divisor of y and 68?
34
Suppose 53*t = 17*t + 216. Calculate the greatest common factor of t and 4926.
6
Let c(v) = -6*v**3 - 7*v**2 - 7*v - 10. Let f be ((-3)/2 + 3)*(-30)/9. Let g be c(f). Calculate the highest common divisor of g and 25.
25
Let c be (-3 + 115/(-3))*14*(-30)/40. What is the greatest common factor of 336 and c?
14
Let y be (-16)/5*(-9 + (-39)/(-6)). Suppose -300 = -y*o - 4*o. What is the greatest common divisor of o and 675?
25
Suppose 1198 = -4*g + 1728 + 2130. Let a(q) = 5*q**3 - 2*q**2 + q + 1. Let h be a(2). Calculate the highest common factor of h and g.
35
Suppose 4*l - 1004 = -4*o, -74*o + 70*o - 816 = -3*l. Suppose 4*y + 5*k = 780, y + 0*k = -2*k + 195. What is the greatest common divisor of l and y?
65
Suppose 0 = -4*o - 4*k - 4, k - 4*k = 15. Let w = -80 + 112. Calculate the highest common factor of o and w.
4
Let v(y) = -7*y + 25. Suppose -2*w + 30 = 40. Let d be v(w). Suppose -2*g = -3*g + 12. Calculate the greatest common divisor of d and g.
12
Let c(w) = -14*w + 15. Let a be c(-6). Let m = a + -105. Let b(t) = -5*t - 27. Let q be b(m). What is the highest common factor of q and 3?
3
Let k(y) = y**3 - 4*y + 47. Let g be k(5). Calculate the greatest common divisor of g and 48.
8
Suppose 221*n - 207*n = 2352. Calculate the highest common divisor of 72 and n.
24
Let f(h) = -2 - 7 + 4 - h**2 - 4*h + 2*h. Let z be f(0). Let t be (-2 - -27)*(z - -8). Calculate the highest common factor of t and 50.
25
Suppose g = -2*g + 273. Suppose -534928*w + 534845*w = -3237. Calculate the greatest common factor of w and g.
13
Suppose 0 = o + 2*b - b - 4, -2*b + 8 = 5*o. Let x(l) = -10*l + o*l + 2*l + 2*l. Let c be x(-12). Calculate the greatest common divisor of 9 and c.
9
Let o(q) = -21*q + 28744*q**2 - 19 - 28741*q**2 + 14*q. Suppose w + 3*n - 3 = 1, -3*w + n - 8 = 0. Let d be o(w). What is the highest common factor of 2 and d?
1
Let a(h) = 9*h - 56. Let w = -53 - -61. Let u be a(w). Calculate the highest common divisor of u and 400.
16
Let y be -108*(-52)/39 + (1 - 5). Calculate the highest common factor of 15 and y.
5
Suppose 0 = -3*a - 4*x + 1618 + 2187, -a - 5*x + 1250 = 0. What is the greatest common divisor of 51 and a?
51
Let c(y) = y + 28. Let s be c(-7). Let i be -2*((-2)/6)/((-21)/(-189)). Suppose -i*q + 4*q + 18 = 0. What is the greatest common divisor of q and s?
3
Suppose -32 = -11*f + 45. What is the greatest common factor of f and 3017?
7
Let l be (-52)/91*21/(-2) - -75. Let x(a) = a - 4. Let m be x(-4). Let d = 17 + m. What is the greatest common divisor of l and d?
9
Let x be ((-1)/2)/(7/(-126)). What is the greatest common divisor of x and 639?
9
Let h = 163 + 40. Let d be (-6)/10 + h/5. Suppose 0 = -60*f - 843 + 4443. Calculate the greatest common factor of f and d.
20
Suppose -202*u = -256*u + 702. Suppose -5*t + 10 = 0, -3*n + 2*t + 427 = t. Calculate the highest common factor of n and u.
13
Suppose -3*q - 1 = -5*y + 5, -q = -4*y + 9. Calculate the greatest common divisor of 1 and q.
1
Let y be 4/((0 - 3)/(-6)). Let f = 4840 + -4680. Calculate the greatest common factor of y and f.
8
Suppose -19*a + 40 = -20*a + 72. Calculate the highest common divisor of a and 2672.
16
Let w(h) = 12*h - 2. Let z = 21 + -15. Let i be w(z). Let d(m) = -724*m - 5058. Let o be d(-7). What is the highest common factor of o and i?
10
Let g(t) = 49*t**2 + t + 25. Let j be g(12). What is the highest common divisor of 346 and j?
173
Let f be (-154)/(-10) - (-6)/90*-6. Suppose -f*v + 206 = -124. Calculate the greatest common divisor of v and 2.
2
Let l(k) = 2*k**2 + 17*k + 18. Let z be l(-8). Suppose 7*m = z*m - 12. Let t = 63 - 31. Calculate the highest common divisor of m and t.
4
Let w = -31 + 36. Suppose -w*f + 11 = y, -4*f - 3*y = -0 - 11. Suppose j = -f*x + 3*j + 124, 5*x + 3*j = 270. What is the greatest common divisor of x and 38?
19
Suppose 5*l - 5*c - 2580 = 0, l + 4*c - 511 = -0*c. Let a = 525 - l. Calculate the highest common divisor of a and 1090.
10
Let r(l) = -22*l - 14 - 4 + l**2 + 27*l. Suppose -126 = -161*h + 175*h. Let z be r(h). Calculate the highest common factor of 6 and z.
6
Suppose 54 = 2*t + 32. Suppose 10 = -2*y - 4*q, -3*y = q + t + 4. Let i be y - (-2 - 116/4). What is the greatest common divisor of i and 182?
26
Let x(j) = -j**2 + 20*j - 44. Suppose 14 = s + 3. Let t be x(s). What is the highest common divisor of t and 605?
55
Let i(u) be the second derivative of u**4/12 - u**3/2 + 13*u. Let f be i(2). Let a be ((-8)/10)/(237/120 + f). What is the greatest common divisor of 288 and a?
32
Let i(a) = -a - 10. Let y be i(7). Let v = 50 - y. Let o = v + -35. What is the greatest common divisor of o and 4?
4
Let j = -1111 - -3741. What is the greatest common divisor of 10 and j?
10
Let n(r) be the third derivative of -5*r**4/24 - r**2. Let z be n(-3). Suppose -48*k - 48*k + 1575 = -61*k. Calculate the greatest common divisor of k and z.
15
Suppose -14392 = -5*j + 3*j - 3*n, 5*j - 36001 = 3*n. What is the greatest common factor of 1252 and j?
313
Let q = -98 + 103. Let j be (4 - 0)/((-11)/(-286)). Suppose -70 = -3*t - q*o, -2*t - 2*o + j = 3*t. What is the greatest common divisor of t and 60?
20
Let q be 9 - ((-6)/9)/(18/(-135)). Let g be 2*(-1)/q - 927/(-18). What is the highest common factor of 34 and g?
17
Let s be 4 + ((-3)/2 - 4/(-8)). Suppose 4*r + 33 = 3*w - 13, -4*r + 38 = s*w. Let y = 192 + -136. What is the highest common factor of w and y?
14
Suppose 429 - 466 = -3*i + a, 13 = 2*i + a. Calculate the highest common divisor of i and 4610.
10
Let g(u) = -48*u + 6932. Let n be g(-83). What is the highest common factor of 4 and n?
4
Suppose 0*v - 48 = -4*v. Let o(w) = -w**2 + 24*w + 31. Let y be o(25). Suppose -v*l = -y*l - 1920. What is the highest common factor of l and 40?
40
Suppose 5*g = -5*l + 55, -700*l + 1 = -704*l + 5*g. What is the greatest common divisor of 11940 and l?
6
Let m be (-754)/(-203)*28/2. Let t(c) = -c - 9. Let r be t(-8). Let o be -26*(r/2)/1. What is the highest common factor of o and m?
13
Suppose -4*w - 2*q - 190 = 0, 5*w - 22*q + 250 = -27*q. Let x be (w/18)/(3/(-108)). Calculate the highest common factor of x and 18.
18
Suppose 16*h + 5*l - 406 = 15*h, l = -h + 354. Suppose 22 = -t + 3*t. Calculate the greatest common divisor of t and h.
11
Let k(w) = 3*w**3 - 158*w**2 - 50*w - 19. Let v be k(53). Calculate the highest common factor of 490 and v.
70
Let r be (-32 - 0)/((-2)/14). Let x be -32*(-11)/66*6. Calculate the highest common divisor of r and x.
32
Let z = 584 + -405. Let k = -62 + z. Calculate the greatest common divisor of 13 and k.
13
Suppose -5*f + 5819 - 1469 = 24*f. What is the greatest common factor of f and 318?
6
Let i(j) = -j**3 - 14*j**2 - 43*j - 2. Let f be i(-3). Let d be (-84)/(-6) - 0/(-1). Let m = d + 28. Calculate the greatest common divisor of f and m.
14
Let q(t) = t**2 - 35*t + 37. Let l be q(34). Suppose -j = l*j - 56. Calculate the greatest common factor of j and 182.
14
Let t be (-11 + (-253)/(-22))/(1/4692). Suppose 34*p + 0*p - t = 0. Calculate the highest common divisor of 1173 and p.
69
Let t = 64 + -159. Let n be 6/8 + 141*t/(-60). Calculate the greatest common divisor of n and 14.
14
Suppose 3*w = -n + 153, 4*n + 38 = -w + 2*w. What is the highest common factor of 1525 and w?
25
Let a = -601 - -676. What is the greatest common divisor of 1425 and a?
75
Suppose 11*w - 18022 + 134 = -32*w. Calculate the greatest common divisor of 15184 and w.
208
Suppose -q + 222 + 73 = 0. Let l be (q - 1)/(4*(-15)/(-40)). Calculate the highest common factor of 14 and l.
14
Let h = -13 + 21. Let b(m) = -2*m**2 + 39*m + 21771. Let p be b(-95). What is the highest common divisor of h and p?
8
Suppose -k = -o + 1000 - 362, 5*k = -15. Calculate the greatest common factor of o and 2794.
127
Let c(u) = u**3 + 39*u**2 + 34*u + 133. Suppose 0 = 7*f + 15*f + 836. Let z be c(f). Calculate the highest common factor of 38 and z.
19
Let u = 7088 - 6168. Calculate the highest common factor of u and 5290.
230
Let r = 138 - 28. Let f = -27836 + 28111. Calculate the greatest common factor of f and r.
55
Suppose -36 - 4 = -5*s. Suppose -19*y = 250*y + 31*y - 900. Let r be (s/y)/(-4) + (-32)/(-12). Calculate the highest common divisor of 26 and r.
2
Suppose 